
In base 13, what is 1 + 2512066?
2512067
In base 11, what is -5014 + -10?
-5024
In base 12, what is 9 + 489608?
489615
In base 14, what is -9 - 457289?
-457294
In base 12, what is -3 + -40bb5?
-40bb8
In base 14, what is 0 - 2b157c?
-2b157c
In base 11, what is 1287a4 - -74?
128868
In base 15, what is -91 + 1216c?
120cb
In base 11, what is -1 + 843128?
843127
In base 3, what is -2001101220100 + -2110?
-2001101222210
In base 6, what is 135333130 - 14?
135333112
In base 13, what is -2b66 - 691?
-3527
In base 5, what is 112241301 + -22111?
112214140
In base 12, what is -48b - 40372?
-40841
In base 13, what is -813872 + 69?
-813806
In base 15, what is -1b1d74a - 1?
-1b1d74b
In base 8, what is 321201 + 11?
321212
In base 12, what is -46 + 2a3690?
2a3646
In base 5, what is 22 + 430323204?
430323231
In base 2, what is -110010001101 + 10101001011010?
1110111001101
In base 5, what is 303241422002 + -1?
303241422001
In base 3, what is -21 + -1220212211110?
-1220212211201
In base 6, what is -33001455 + -11020?
-33012515
In base 5, what is -4132430 - 2001?
-4134431
In base 8, what is -4 + 713147434?
713147430
In base 9, what is -751 + -108857?
-110718
In base 13, what is 2404 + c877?
11c7b
In base 9, what is 277 + 147650?
148037
In base 8, what is -1150704 - 454?
-1151360
In base 6, what is 4531521434 - 0?
4531521434
In base 2, what is 1100001 + -111001111001101010?
-111001111000001001
In base 6, what is -15242 + 2243502?
2224220
In base 6, what is -31012410444 + 0?
-31012410444
In base 16, what is b238ca - 4?
b238c6
In base 6, what is -2135 + 120252?
114113
In base 7, what is -15352123 - -125?
-15351665
In base 7, what is -453 - -15123620?
15123134
In base 7, what is 20 + 11534162?
11534212
In base 9, what is 300646 + -56?
300580
In base 2, what is 10111 - 1101111100010111100?
-1101111100010100101
In base 5, what is 0 - -24130313?
24130313
In base 10, what is 62782 - 777?
62005
In base 13, what is 11 - 15c487a?
-15c4869
In base 10, what is -18 - -1664081?
1664063
In base 13, what is 159b276 + -7?
159b26c
In base 6, what is -421340 - 1045?
-422425
In base 4, what is 1232122200 + -103?
1232122031
In base 6, what is -15452550 - -211?
-15452335
In base 15, what is -8b6 - -2021?
165a
In base 9, what is -4506288 + 65?
-4506223
In base 12, what is -742 - -325b2b?
3253a9
In base 8, what is 61756445 + 40?
61756505
In base 11, what is -3578880 - -5?
-3578876
In base 7, what is -5 + 11650545?
11650540
In base 11, what is 1356 - -765?
2010
In base 9, what is 8150551 - -1?
8150552
In base 7, what is 314 - -4640642?
4641256
In base 15, what is -3 + -373c3b?
-373c3e
In base 3, what is 210121200101 + 101111?
210122001212
In base 10, what is 414 - 27041?
-26627
In base 16, what is -30 + 151892?
151862
In base 8, what is 1645 - -67760?
71625
In base 15, what is -13 - 3ba7d?
-3ba91
In base 6, what is -4201543 - -222?
-4201321
In base 3, what is -111 - -10222201000210?
10222201000022
In base 9, what is -640150 - 45?
-640205
In base 4, what is 3002103320 + -101102?
3002002212
In base 6, what is -1031 + 13035034?
13034003
In base 9, what is 1831006 - -1?
1831007
In base 9, what is 24214 - 4155?
20048
In base 6, what is 35 + -32524504?
-32524425
In base 3, what is 2 - -10011220210111?
10011220210120
In base 15, what is -3594 + 45?
-354e
In base 5, what is -234223032 - -12?
-234223020
In base 5, what is 2001440434304 - 1?
2001440434303
In base 4, what is 231 - 1102311201?
-1102310310
In base 4, what is 10221322003 + 12?
10221322021
In base 3, what is -1201 - -12021121102222?
12021121101021
In base 6, what is -1211 + 5355013?
5353402
In base 8, what is -17264 - -77250?
57764
In base 16, what is 16 + 1c6ff6?
1c700c
In base 6, what is -23121 + -151103?
-214224
In base 10, what is 283 + 6819?
7102
In base 14, what is dd - 503088?
-502d89
In base 14, what is a10 + -897?
157
In base 14, what is 0 - -1ccb11?
1ccb11
In base 8, what is -6 + -34440252?
-34440260
In base 7, what is 504 - 110440?
-106633
In base 6, what is 15 + 1024140024?
1024140043
In base 5, what is 1112142 - -213240?
1330432
In base 12, what is 2721 + 1153?
3874
In base 11, what is -34 - 1a6999?
-1a6a22
In base 14, what is 69 - 1032b1?
-103246
In base 12, what is -23 - -1035ba2?
1035b7b
In base 11, what is 6415a1a + -6?
6415a14
In base 7, what is 2665214561 + -12?
2665214546
In base 16, what is -63003 + bb?
-62f48
In base 16, what is -3 - 38a026b?
-38a026e
In base 8, what is 2744724 - -22?
2744746
In base 4, what is -212012213 + 311?
-212011302
In base 11, what is 1246a96a4 - -5?
1246a96a9
In base 11, what is 412a - -719?
4848
In base 8, what is -163 - 1317?
-1502
In base 11, what is -3a5855a + -3?
-3a58562
In base 12, what is 4 - -2006b8b?
2006b93
In base 9, what is 637420 + -114?
637305
In base 10, what is -6380 + 13528?
7148
In base 12, what is 15797a3 - -7?
15797aa
In base 3, what is -110101 + -20221001?
-21101102
In base 12, what is -133 - -43a92?
4395b
In base 6, what is -544424 - -3051?
-541333
In base 9, what is -12 - -250025?
250013
In base 13, what is -250 - -1587a9?
158559
In base 8, what is 501555626 + -2?
501555624
In base 10, what is -323383171 - 2?
-323383173
In base 11, what is -13aa94 + 31?
-13aa63
In base 6, what is 222352 + 14510?
241302
In base 12, what is -794311 + 2b?
-7942a2
In base 4, what is 330103013330 - -111?
330103020101
In base 4, what is -20110001123 + -12?
-20110001201
In base 11, what is 0 - -24102376?
24102376
In base 2, what is -10010110010000110 - -1011100?
-10010110000101010
In base 14, what is -63 - -c0711?
c068c
In base 10, what is -5 + -52999667?
-52999672
In base 14, what is 5a47 + bc7?
6830
In base 8, what is 11511 + -154?
11335
In base 9, what is 2 + -67127404?
-67127402
In base 14, what is 13131b6d - -1?
13131b70
In base 7, what is 200165 + -621?
166244
In base 15, what is 2 - -12b676?
12b678
In base 7, what is 2 - -15125353?
15125355
In base 4, what is -11 - 220001220133?
-220001220210
In base 12, what is 0 + 1003762?
1003762
In base 11, what is 31943a7 + -4?
31943a3
In base 4, what is 21002023 + 2220?
21010303
In base 9, what is 7146 - -86177?
104334
In base 8, what is -4061756271 + -3?
-4061756274
In base 14, what is -2380 + 387d?
14dd
In base 16, what is 1 + -83556?
-83555
In base 11, what is -3506 + -3116?
-6621
In base 9, what is -1156471 + 13?
-1156457
In base 2, what is 11010110010100000 + -1001100000111?
11001100110011001
In base 9, what is 65 + 78753?
78828
In base 8, what is -66 + -1157745?
-1160033
In base 9, what is 462 + -8476?
-8014
In base 3, what is -122100 + 100000122210?
100000000110
In base 6, what is -2053352 - -134?
-2053214
In base 9, what is -10444278 - -1?
-10444277
In base 10, what is -643649190 + 3?
-643649187
In base 15, what is -1 + 494124b?
494124a
In base 12, what is 4812770 + -7?
4812765
In base 12, what is 930944 - -275?
930bb9
In base 7, what is -155014 - 255?
-155302
In base 2, what is 10010001000001110001 + 100?
10010001000001110101
In base 4, what is -310112031 + -210?
-310112301
In base 16, what is 7 - -a2647?
a264e
In base 14, what is -5dab9 - 40?
-5db19
In base 12, what is 40 - 171b7b?
-171b3b
In base 5, what is -2 + -3343101201?
-3343101203
In base 13, what is 4 + -1899310?
-1899309
In base 12, what is -2396 - -40?
-2356
In base 15, what is -dc7c + b?
-dc71
In base 15, what is db59 - -20e?
dd68
In base 15, what is -148 - -32c1b?
32ac3
In base 5, what is -1214230 - 1013423?
-2233203
In base 7, what is 2501 + 1104332?
1110133
In base 12, what is -1b81 + 2b060?
2909b
In base 7, what is 30330 - -110502?
141132
In base 2, what is 1101110101000111100001 + 100?
1101110101000111100101
In base 11, what is -884 - 5680?
-6454
In base 7, what is -16 - 45053?
-45102
In base 12, what is -5 + 1911809?
1911804
In base 7, what is 225004 + -3324?
221350
In base 3, what is 12210110221022211 - -1?
12210110221022212
In base 11, what is -1377a5 + 23?
-137782
In base 5, what is -104 + -3312120?
-3312224
In base 10, what is 7 + 37886665?
37886672
In base 14, what is -3 - -c659dc?
c659d9
In base 11, what is -103 - 178707?
-17880a
In base 2, what is -10000100000 - 1010111011101?
-1100111111101
In base 14, what is -3d + 10b069?
10b02a
In base 14, what is 5 + -1837172?
-183716b
In base 2, what is -11010100111 - 10000110011101?
-10100001000100
In base 4, what 